9. Is y(b) a prime number?
False
Let k(b) = 5*b**2 + 14*b + 4. Let q(t) = 2*t**2 + 9*t + 1. Let w be q(-3). Let v be w + (-3)/(-1) + 18. Is k(v) a prime number?
True
Let w(v) be the second derivative of -339*v**5/10 + v**4/6 + 3*v**3/2 + 4*v**2 + 21*v. Is w(-1) a composite number?
True
Let s(i) = -17*i - 54. Let f be s(-6). Is (f/(-72))/(2/(-8313)) composite?
True
Suppose -195*c + 1443390 = -117*c. Is c a prime number?
False
Suppose 10*k - 148667 = 240251 + 2155972. Is k composite?
False
Is ((-37087)/8)/((-130)/1040) composite?
False
Suppose -4*t + 3*t = m - 63243, -5*t = -4*m + 252954. Is m a prime number?
True
Suppose 39868 + 148980 = 29*p. Is (222/(-9))/(p/(-3252) - -2) prime?
False
Suppose 0 = 2*u - 1311 - 39. Let k = 1128 - u. Is k composite?
True
Suppose -4*k - 3*k - 7882 = 0. Let t be 0 - 8/(16/1510). Let l = t - k. Is l composite?
True
Let b(p) = -p. Let d(q) = -44*q + 6. Let m(g) = -12*b(g) + d(g). Let u be m(-4). Suppose -z + u = z. Is z composite?
False
Suppose -5*b = -3*u + 5*u - 172734, 345496 = 4*u + 3*b. Is u composite?
True
Suppose 39*f - 35*f - 2433184 = 4*a, 9 = 3*a. Is f a prime number?
True
Let l = -44 + 46. Suppose 5*i - 11333 = s + l*s, s = -i + 2273. Is i prime?
True
Suppose 2*t = -4*a + 620438, -5*t = -3*a - 282605 - 1268477. Is t prime?
False
Let k(b) = 4*b - 44. Let v be k(11). Suppose 2*x - 2*c - 8438 = v, 8*c = 5*c + 9. Is x a prime number?
False
Let o(f) = -65*f**2 - 57*f - 7. Let y be o(-5). Is 260/(-78)*y/2 a prime number?
False
Let k = 152614 + -32111. Is k composite?
False
Suppose 0*u + 6*u + 18 = 0. Is (u - -3*(-3)/(-4))*-356 composite?
True
Let y = -431 - -466. Is (-18028)/(-5*14/y) prime?
False
Suppose -55*d + 21*d - 53*d = -14809053. Is d composite?
True
Let s = 76 - 77. Let a be 3/s + 12*2/4. Suppose -a*k = k - 13708. Is k a prime number?
False
Is (60 - 793/13)*((-640457)/(-1))/(-1) prime?
True
Let h(t) = -2791*t + 2353. Is h(-58) composite?
False
Let w = 12718 + 8131. Is w a composite number?
False
Suppose -w = -6654 - 4957. Suppose -w = -3*s - s + 3*h, 0 = -4*s - h + 11591. Is s composite?
True
Let j = 383367 + -123988. Is j composite?
False
Suppose -47 + 50 = y. Suppose 0 = -x + 2*z + 4269, x - y*z = z + 4267. Is x a prime number?
True
Let z(o) = 13*o**2 - 535*o - 77. Is z(45) a prime number?
False
Let n(r) = -5*r**2 - r + 1058*r**3 + 8 - 1060*r**3 + 23*r**2. Let h be n(9). Is h + (98/1 - 3) prime?
False
Suppose 0 = 7*p + 5*p - 1009483 - 2382305. Is p prime?
False
Suppose -2*y = 40*y - 2189922. Is y composite?
True
Let x be (0 + 1)/(-3 - 28/(-8)). Let u(s) = 5*s**x - 47*s + s**3 + 98*s - 52*s + 8. Is u(-5) prime?
True
Suppose -20270 = -5*u + 5*q, 595*u - 590*u + 4*q = 20225. Is u prime?
True
Let y(m) = 2*m**2 + 48*m + 3. Let k be y(-24). Let z be 4/(-2) - (-635 + -1). Suppose 0 = b - 2*a - 151, -k*b = b - 2*a - z. Is b a composite number?
True
Suppose -5*m + 10*b = 6*b + 27162, -21726 = 4*m - 5*b. Let n = 1219 - m. Is n a prime number?
True
Let i(p) = p**2 - 5*p. Let r be i(0). Suppose 2*b = -b + 4*s + 11426, r = -5*b - 3*s + 18995. Is b a composite number?
True
Let r(i) = 2*i + 4*i - 23 - 11*i. Let p be r(-11). Let k = p + -25. Is k composite?
False
Let a(b) = b**2 + 49*b - 550. Let l be a(15). Suppose 2*s + 0*s = 0. Suppose s = 2*c - v - 425, 5*v - v - l = -2*c. Is c a composite number?
False
Let h(k) = -2462*k - 227. Let m be h(-5). Let o = m + -7222. Is o a prime number?
True
Is (9 - (117 + 1))*-263 prime?
False
Let h = 200 - 7523. Let f = -3332 - h. Is f a prime number?
False
Let d = -270 - -462. Suppose 8*j = 2*j - d. Let x = j - -178. Is x a composite number?
True
Let y(w) = 2*w**2 - 2*w + 2. Let k be y(4). Let j = -60 + 63. Suppose j*v - k = 205. Is v a prime number?
False
Suppose 0 = j + 4*v - 13, -v = -2*j + 1 + 16. Let h(u) be the second derivative of -u**5/20 + 11*u**4/12 - 3*u**3/2 + 7*u**2 - 19*u + 1. Is h(j) composite?
True
Suppose -425*n + 431*n = -5754. Is 2/(-2)*(0 + n) prime?
False
Let o = 4 + -2. Suppose 3*d = 6*f - 2*f - 2, 3*f + 2*d = 10. Is (o/(-1))/f + 335 composite?
True
Let b = -8251 - -12914. Is b prime?
True
Suppose -13*u + 259858 = z, 259822 = z + 6*u - 5*u. Is z a composite number?
True
Let v(c) = -2*c - 5*c**2 - 4 - 128*c**3 + 14 - 11. Is v(-6) composite?
False
Suppose n - 273436 = -d, -d - 3*n + 156574 + 116868 = 0. Is d prime?
True
Suppose 2*k + 3*b - 17 = 0, k - b = 16 - 0. Let u be (-69596)/(-3) + 1/3 + -1. Suppose -t + u = k*t. Is t prime?
True
Let n(i) = -i**3 - 15*i**2 - 6. Let s be n(-15). Let c(o) = 32*o**2 + 10*o + 15. Let b be c(s). Is (-1)/(b/555 + -2) prime?
False
Let d be (-5 - -2) + -1 + 53. Let a = -46 + d. Suppose -a*u + 760 = 2*k - 1014, 4*u = -k + 887. Is k a prime number?
True
Suppose 5*j + 21513 = 4*r + 2*j, 2*r - 2*j - 10758 = 0. Let g = r - 1376. Let d = 7511 - g. Is d a prime number?
True
Is ((-111)/37)/(6/(-1676182)) prime?
True
Let a = 2442 - -303. Let g = 6116 - a. Is g a prime number?
True
Let h(b) = -3*b**3 - 147*b**2 - 203*b - 33. Is h(-50) composite?
True
Suppose -s + 3 = -m, 3*s + 4 = -4*m - 22. Let p(f) = -5*f - 10. Let w be p(s). Suppose -11*i + 1984 + 975 = w. Is i a prime number?
True
Let u(m) be the second derivative of 0 + 19/2*m**2 + 19/6*m**4 - 1/3*m**3 - 8*m. Is u(-6) a prime number?
True
Let r = -107 + 107. Suppose r = -2*g - 7 + 19. Is 1094 - -2*g/4 a composite number?
False
Let y(j) = -18*j**2 - 7*j - 36. Let h be 10*-2*(-8)/(-20). Let m(f) = -12*f**2 - 5*f - 24. Let c(b) = h*m(b) + 5*y(b). Is c(5) composite?
True
Let x = 16181 + -8280. Is x composite?
False
Let n = -13 - -15. Suppose -5*j + 11662 + 1058 = 5*k, n*j - 5094 = 4*k. Let f = j - 644. Is f a prime number?
True
Is (-2)/(-4)*2/(-5)*-36655 a composite number?
False
Suppose 2553*q - 2535*q - 2894310 = 0. Is q composite?
True
Let s(w) = -33*w**3 - 6*w**2 + 2*w + 4. Let l be s(3). Let i = -191 - l. Suppose 2*c - 1370 = i. Is c a prime number?
False
Is (-5)/(-10)*18 + 159346 + 24 a composite number?
True
Let h(d) = 438*d**3 + 2*d**2 - 41*d + 49. Is h(4) a composite number?
True
Suppose -4*l - 76252 = 5*m, -l - 15833 = 4*m + 45162. Let k = -6895 - m. Is k a composite number?
False
Let q = 593 + 385. Let y(a) = -419*a**3 - a**2 + 1. Let g be y(-1). Suppose t = q + g. Is t composite?
True
Suppose 0 = -g, 2 = -t - g + 4. Suppose 4*h = -n + 1091, 1632 = t*n + h - 585. Is n composite?
True
Let g(k) = 271*k**2 + k + 28. Let i be g(9). Let v = i + -12875. Is v composite?
True
Let j = -12047 - -72346. Suppose -j = -19*r + 145794. Is r composite?
False
Suppose -14*m + 17*m = 5*v + 8584, 0 = m + 5*v - 2828. Suppose -h + 3*h = 0. Suppose 4*i - 1919 - m = h. Is i composite?
False
Let f = -264261 - -389960. Is f composite?
True
Suppose 0 = 70*z - 144172 - 185178. Is z a prime number?
False
Let f(p) = -p**2 + 3*p + 21. Let j be f(9). Let o = -30 - j. Suppose -v = -5*v + t + 3465, -5*v = o*t - 4310. Is v a composite number?
True
Suppose -2*t + 0*t = 2*v - 223828, 0 = 2*t + v - 223835. Is t a prime number?
False
Let y = 545820 + -124325. Is y a composite number?
True
Let p = 43135 - 17018. Suppose p = 3*i + g, -36165 = -4*i - 4*g - 1337. Is i prime?
False
Suppose 0 = -15*b + 5966 - 26. Suppose -l + 1234 = 3*q, 0 = 3*l + 4*q + b - 4093. Is l composite?
False
Suppose 2*j - 23718 = -2*z, j - 2*z - 15489 = -3618. Is j a composite number?
False
Suppose 0 = -3*h + 40*l - 36*l + 194, -4*h + 5*l + 259 = 0. Is 9406/6 + h/(-99) prime?
True
Let b(t) = 63*t**2 + 8*t - 8. Let u(q) = 1. Let d(y) = b(y) + 6*u(y). Let a(o) = o**3 - 4*o**2 + 6*o - 27. Let s be a(4). Is d(s) a composite number?
False
Let t = 75245 + -49451. Let k = -17441 + t. Is k composite?
False
Suppose 47*w + x = 45*w + 510592, 3*w - 765855 = 4*x. Is w prime?
False
Suppose -229904 - 211322 = -8*x + 223422. Is x a composite number?
True
Let b(g) = 17*g**2 + 107*g + 463. Is b(-95) a composite number?
True
Suppose -50 = 16*n - 26*n. Is n/20 + 0 - 5462/(-8) a composite number?
False
Suppose 5*y = -2*d + 1479849, 33*y - 4314926 = 5*d + 5451950. Is y a composite number?
True
Let b be (-20)/(-25) - (-1 + (-477)/(-15)). Is 6/4*295/b*-332 a prime number?
False
Let p(m) = m**3 - 13*m**2 + 11*m + 20. Let b be p(12). Suppose -5*r + 546 = b*r. Suppose t + r - 113 = 0. Is t a composite number?
False
Let h be (8/3)/(18/1404) + 4. Let z = h + 11. Is 